{"id":17,"date":"2025-05-09T20:08:56","date_gmt":"2025-05-09T20:08:56","guid":{"rendered":"http:\/\/www.maxturturizm.com\/?page_id=17"},"modified":"2025-08-31T21:14:39","modified_gmt":"2025-08-31T21:14:39","slug":"iletisim","status":"publish","type":"page","link":"https:\/\/www.maxturturizm.com\/index.php\/iletisim\/","title":{"rendered":"\u0130leti\u015fim"},"content":{"rendered":"\t\t<div data-elementor-type=\"wp-page\" data-elementor-id=\"17\" class=\"elementor elementor-17\">\n\t\t\t\t<div class=\"elementor-element elementor-element-f74ec4c e-flex e-con-boxed e-con e-parent\" data-id=\"f74ec4c\" data-element_type=\"container\" data-e-type=\"container\">\n\t\t\t\t\t<div class=\"e-con-inner\">\n\t\t\t\t<div class=\"elementor-element elementor-element-32de8bb elementor-widget elementor-widget-html\" data-id=\"32de8bb\" data-element_type=\"widget\" data-e-type=\"widget\" data-widget_type=\"html.default\">\n\t\t\t\t<div class=\"elementor-widget-container\">\n\t\t\t\t\t<link rel=\"stylesheet\" href=\"https:\/\/cdnjs.cloudflare.com\/ajax\/libs\/font-awesome\/5.15.4\/css\/all.min.css\">\r\n\r\n\r\n\r\n\r\n<!-- Ba\u015fl\u0131k -->\r\n<div style=\"text-align:center; margin-bottom:40px;\">\r\n <h2 style=\"color:#d40000; font-size:30px; margin-bottom:10px; margin-top:40px;\">\r\n  \u0130leti\u015fim\r\n<\/h2>\r\n\r\n  <div style=\"width:60px; height:4px; background-color:#d40000; margin:0 auto 10px;\"><\/div>\r\n  <p style=\"color:#333; font-size:15px;\">Bizimle ileti\u015fime ge\u00e7mek i\u00e7in a\u015fa\u011f\u0131daki bilgileri kullanabilirsiniz.<\/p>\r\n<\/div>\r\n\r\n<!-- \u0130leti\u015fim Kutular\u0131 -->\r\n<div style=\"display:flex; flex-wrap:wrap; justify-content:center; gap:20px; margin-bottom:30px;\">\r\n  <div style=\"flex:1 1 300px; background:#f9f9f9; padding:30px; border-radius:12px; box-shadow:0 4px 20px rgba(0,0,0,0.08); text-align:left;\">\r\n    <i class=\"fas fa-map-marker-alt\" style=\"font-size:24px; color:#d40000;\"><\/i>\r\n    <h4 style=\"color:#d40000; margin-top:10px;\">Adres<\/h4>\r\n   \r\n     \r\n     \r\n   \r\n      Emek Mh. Veysel Karani Cd. No:154<br>\r\n      Repa\u015f \u0130\u015f Merkezi \u00c7ay\u0131rova \/ Kocaeli\r\n    <\/a>\r\n  <\/div>\r\n  <div style=\"flex:1 1 300px; background:#f9f9f9; padding:30px; border-radius:12px; box-shadow:0 4px 20px rgba(0,0,0,0.08); text-align:left;\">\r\n    <i class=\"fas fa-phone\" style=\"font-size:24px; color:#d40000;\"><\/i>\r\n    <h4 style=\"color:#d40000; margin-top:10px;\">Telefon<\/h4>\r\n    <a href=\"tel:02627212202\" style=\"color:#000; text-decoration:none; font-size:16px;\">0262 721 22 02<\/a>\r\n  <\/div>\r\n  <div style=\"flex:1 1 300px; background:#f9f9f9; padding:30px; border-radius:12px; box-shadow:0 4px 20px rgba(0,0,0,0.08); text-align:left;\">\r\n    <i class=\"fas fa-envelope\" style=\"font-size:24px; color:#d40000;\"><\/i>\r\n    <h4 style=\"color:#d40000; margin-top:10px;\">E\u2011Posta<\/h4>\r\n    <a href=\"mailto:info@maxturturizm.com.tr\" style=\"color:#000; text-decoration:none; font-size:16px;\">info@maxturturizm.com.tr<\/a>\r\n  <\/div>\r\n<\/div>\r\n\r\n<!-- Harita -->\r\n<style>\r\n  .harita-container {\r\n    max-width:1140px;\r\n    margin:0 auto;\r\n    border-radius:12px;\r\n    overflow:hidden;\r\n    box-shadow:0 4px 20px rgba(0,0,0,0.08);\r\n  }\r\n  .harita-container iframe {\r\n    width:100%;\r\n    height:300px; \/* Buradan y\u00fcksekli\u011fi kolayca de\u011fi\u015ftirebilirsin *\/\r\n    border:0;\r\n  }\r\n  .harita-etiket {\r\n    text-align:center;\r\n    margin-top:10px;\r\n    font-size:14px;\r\n    color:#333;\r\n    display:flex;\r\n    align-items:center;\r\n    justify-content:center;\r\n    gap:6px;\r\n  }\r\n  .harita-etiket i {\r\n    font-size:18px;\r\n    color:#d40000;\r\n  }\r\n<\/style>\r\n\r\n<!-- Elementor > HTML bile\u015feni -->\r\n\r\n<div class=\"maxtur-map\">\r\n  <iframe\r\n    src=\"https:\/\/maps.google.com\/?q=40.82137694043931, 29.41538427024798\r\n&z=18&hl=tr&output=embed\"\r\n    width=\"100%\" height=\"420\" style=\"border:0;\" loading=\"lazy\"\r\n    referrerpolicy=\"no-referrer-when-downgrade\"><\/iframe>\r\n<\/div>\r\n\r\n\r\n\r\n\r\n\r\n\r\n\r\n\r\n<\/div>\r\n<div class=\"harita-etiket\">\r\n  <i class=\"fas fa-shuttle-van\"><\/i> Maxtur Turizm Ofisi\r\n<\/div>\r\n\r\n\r\n\r\n\r\n\t\t\t\t<\/div>\n\t\t\t\t<\/div>\n\t\t\t\t\t<\/div>\n\t\t\t\t<\/div>\n\t\t<div class=\"elementor-element elementor-element-d718c48 e-flex e-con-boxed e-con e-parent\" data-id=\"d718c48\" data-element_type=\"container\" data-e-type=\"container\">\n\t\t\t\t\t<div class=\"e-con-inner\">\n\t\t\t\t\t<\/div>\n\t\t\t\t<\/div>\n\t\t<div class=\"elementor-element elementor-element-a1933d7 e-flex e-con-boxed e-con e-parent\" data-id=\"a1933d7\" data-element_type=\"container\" data-e-type=\"container\">\n\t\t\t\t\t<div class=\"e-con-inner\">\n\t\t\t\t\t<\/div>\n\t\t\t\t<\/div>\n\t\t\t\t<\/div>\n\t\t","protected":false},"excerpt":{"rendered":"<p>\u0130leti\u015fim Bizimle ileti\u015fime ge\u00e7mek i\u00e7in a\u015fa\u011f\u0131daki bilgileri kullanabilirsiniz. Adres Emek Mh. Veysel Karani Cd. No:154 Repa\u015f \u0130\u015f Merkezi \u00c7ay\u0131rova \/ [&hellip;]<\/p>\n","protected":false},"author":1,"featured_media":0,"parent":0,"menu_order":0,"comment_status":"closed","ping_status":"closed","template":"","meta":{"site-sidebar-layout":"no-sidebar","site-content-layout":"","ast-site-content-layout":"full-width-container","site-content-style":"default","site-sidebar-style":"default","ast-global-header-display":"","ast-banner-title-visibility":"","ast-main-header-display":"","ast-hfb-above-header-display":"","ast-hfb-below-header-display":"","ast-hfb-mobile-header-display":"","site-post-title":"disabled","ast-breadcrumbs-content":"","ast-featured-img":"disabled","footer-sml-layout":"","ast-disable-related-posts":"","theme-transparent-header-meta":"","adv-header-id-meta":"","stick-header-meta":"","header-above-stick-meta":"","header-main-stick-meta":"","header-below-stick-meta":"","astra-migrate-meta-layouts":"default","ast-page-background-enabled":"default","ast-page-background-meta":{"desktop":{"background-color":"var(--ast-global-color-5)","background-image":"","background-repeat":"repeat","background-position":"center center","background-size":"auto","background-attachment":"scroll","background-type":"","background-media":"","overlay-type":"","overlay-color":"","overlay-opacity":"","overlay-gradient":""},"tablet":{"background-color":"","background-image":"","background-repeat":"repeat","background-position":"center center","background-size":"auto","background-attachment":"scroll","background-type":"","background-media":"","overlay-type":"","overlay-color":"","overlay-opacity":"","overlay-gradient":""},"mobile":{"background-color":"","background-image":"","background-repeat":"repeat","background-position":"center center","background-size":"auto","background-attachment":"scroll","background-type":"","background-media":"","overlay-type":"","overlay-color":"","overlay-opacity":"","overlay-gradient":""}},"ast-content-background-meta":{"desktop":{"background-color":"var(--ast-global-color-4)","background-image":"","background-repeat":"repeat","background-position":"center center","background-size":"auto","background-attachment":"scroll","background-type":"","background-media":"","overlay-type":"","overlay-color":"","overlay-opacity":"","overlay-gradient":""},"tablet":{"background-color":"var(--ast-global-color-4)","background-image":"","background-repeat":"repeat","background-position":"center center","background-size":"auto","background-attachment":"scroll","background-type":"","background-media":"","overlay-type":"","overlay-color":"","overlay-opacity":"","overlay-gradient":""},"mobile":{"background-color":"var(--ast-global-color-4)","background-image":"","background-repeat":"repeat","background-position":"center center","background-size":"auto","background-attachment":"scroll","background-type":"","background-media":"","overlay-type":"","overlay-color":"","overlay-opacity":"","overlay-gradient":""}},"footnotes":""},"class_list":["post-17","page","type-page","status-publish","hentry"],"_links":{"self":[{"href":"https:\/\/www.maxturturizm.com\/index.php\/wp-json\/wp\/v2\/pages\/17","targetHints":{"allow":["GET"]}}],"collection":[{"href":"https:\/\/www.maxturturizm.com\/index.php\/wp-json\/wp\/v2\/pages"}],"about":[{"href":"https:\/\/www.maxturturizm.com\/index.php\/wp-json\/wp\/v2\/types\/page"}],"author":[{"embeddable":true,"href":"https:\/\/www.maxturturizm.com\/index.php\/wp-json\/wp\/v2\/users\/1"}],"replies":[{"embeddable":true,"href":"https:\/\/www.maxturturizm.com\/index.php\/wp-json\/wp\/v2\/comments?post=17"}],"version-history":[{"count":48,"href":"https:\/\/www.maxturturizm.com\/index.php\/wp-json\/wp\/v2\/pages\/17\/revisions"}],"predecessor-version":[{"id":1137,"href":"https:\/\/www.maxturturizm.com\/index.php\/wp-json\/wp\/v2\/pages\/17\/revisions\/1137"}],"wp:attachment":[{"href":"https:\/\/www.maxturturizm.com\/index.php\/wp-json\/wp\/v2\/media?parent=17"}],"curies":[{"name":"wp","href":"https:\/\/api.w.org\/{rel}","templated":true}]}}