{"id":75,"date":"2025-05-15T18:11:34","date_gmt":"2025-05-15T18:11:34","guid":{"rendered":"https:\/\/www.maxturturizm.com\/?page_id=75"},"modified":"2025-08-28T18:40:52","modified_gmt":"2025-08-28T18:40:52","slug":"ana-sayfa","status":"publish","type":"page","link":"https:\/\/www.maxturturizm.com\/","title":{"rendered":"Ana Sayfa"},"content":{"rendered":"\t\t<div data-elementor-type=\"wp-page\" data-elementor-id=\"75\" class=\"elementor elementor-75\">\n\t\t\t\t<div class=\"elementor-element elementor-element-aff6ecb e-flex e-con-boxed e-con e-parent\" data-id=\"aff6ecb\" data-element_type=\"container\" data-e-type=\"container\">\n\t\t\t\t\t<div class=\"e-con-inner\">\n\t\t\t\t<div class=\"elementor-element elementor-element-d5ca5e3 elementor-widget elementor-widget-html\" data-id=\"d5ca5e3\" data-element_type=\"widget\" data-e-type=\"widget\" data-widget_type=\"html.default\">\n\t\t\t\t<div class=\"elementor-widget-container\">\n\t\t\t\t\t<style>\r\n\/* \u00dcstte sabit men\u00fc ~80px ise buradan ayarla *\/\r\n:root { --header: 80px; }\r\n\r\n\/* Tam geni\u015flik + 16:9 y\u00fckseklik *\/\r\n.video-section{\r\n  position: relative;\r\n  width: 100vw;\r\n  left: 50%;\r\n  margin-left: -50vw;\r\n  \/* 16:9 oran\u0131 = 56.25vw. Ekran\u0131 ta\u015f\u0131rmas\u0131n diye viewport y\u00fcksekli\u011fiyle de s\u0131n\u0131rla *\/\r\n  height: min(calc(56.25vw), calc(100vh - var(--header)));\r\n  margin-top: var(--header); \/* men\u00fcn\u00fcn alt\u0131ndan ba\u015flas\u0131n *\/\r\n  overflow: hidden;\r\n  background:#000;\r\n}\r\n\r\n\/* Katmanlama *\/\r\n.video-section .layer{\r\n  position: absolute;\r\n  inset: 0;\r\n}\r\n\r\n\/* K\u0131rpmas\u0131z video (tamam\u0131 g\u00f6r\u00fcns\u00fcn) *\/\r\n.video-bg{\r\n  width: 100%;\r\n  height: 100%;\r\n  object-fit: contain;      \/* k\u0131rpma YOK *\/\r\n  object-position: center;  \/* gerekirse 48% \/ 52% ile kayd\u0131rabilirsin *\/\r\n  background:#000;          \/* bo\u015f alanlarda siyah g\u00f6r\u00fcns\u00fcn *\/\r\n  z-index: 1;\r\n}\r\n\r\n\/* \u00dcstteki metinler *\/\r\n.video-overlay{\r\n  z-index: 2;\r\n  display: flex;\r\n  justify-content: space-between;\r\n  align-items: center;\r\n  padding: 0 3vw;\r\n  color: #fff;\r\n  background: transparent !important;\r\n}\r\n\r\n.video-overlay .col{\r\n  width: min(20vw, 320px);\r\n  text-align: center;\r\n  line-height: 1.6;\r\n  font-size: 16px;\r\n  background: transparent !important;\r\n}\r\n\r\n\/* Mobil *\/\r\n@media (max-width: 768px){\r\n  .video-section{\r\n    height: min(calc(56.25vw), calc(100vh - 60px)); \/* mobil men\u00fc daha d\u00fc\u015f\u00fckse *\/\r\n    margin-top: 60px;\r\n  }\r\n  .video-overlay{\r\n    flex-direction: column;\r\n    gap: 12px;\r\n    padding: 12px;\r\n    text-align: center;\r\n  }\r\n  .video-overlay .col{ width: 100%; }\r\n}\r\n<\/style>\r\n\r\n<div class=\"video-section\">\r\n  <video class=\"layer video-bg\" autoplay muted loop playsinline>\r\n    <source src=\"https:\/\/www.maxturturizm.com\/wp-content\/uploads\/2025\/08\/enyeni.mp4\">\r\n  <\/video>\r\n\r\n  \r\n<\/div>\r\n\t\t\t\t<\/div>\n\t\t\t\t<\/div>\n\t\t\t\t\t<\/div>\n\t\t\t\t<\/div>\n\t\t<div class=\"elementor-element elementor-element-70536ab e-flex e-con-boxed e-con e-parent\" data-id=\"70536ab\" data-element_type=\"container\" data-e-type=\"container\">\n\t\t\t\t\t<div class=\"e-con-inner\">\n\t\t\t\t\t<\/div>\n\t\t\t\t<\/div>\n\t\t<div class=\"elementor-element elementor-element-207b521 e-flex e-con-boxed e-con e-parent\" data-id=\"207b521\" data-element_type=\"container\" data-e-type=\"container\">\n\t\t\t\t\t<div class=\"e-con-inner\">\n\t\t\t\t\t<\/div>\n\t\t\t\t<\/div>\n\t\t<div class=\"elementor-element elementor-element-cfca6a7 e-flex e-con-boxed e-con e-parent\" data-id=\"cfca6a7\" data-element_type=\"container\" data-e-type=\"container\">\n\t\t\t\t\t<div class=\"e-con-inner\">\n\t\t\t\t\t<\/div>\n\t\t\t\t<\/div>\n\t\t<div class=\"elementor-element elementor-element-3b89b71 e-flex e-con-boxed e-con e-parent\" data-id=\"3b89b71\" data-element_type=\"container\" data-e-type=\"container\">\n\t\t\t\t\t<div class=\"e-con-inner\">\n\t\t\t\t\t<\/div>\n\t\t\t\t<\/div>\n\t\t\t\t<\/div>\n\t\t","protected":false},"excerpt":{"rendered":"","protected":false},"author":1,"featured_media":0,"parent":0,"menu_order":0,"comment_status":"closed","ping_status":"closed","template":"","meta":{"site-sidebar-layout":"no-sidebar","site-content-layout":"","ast-site-content-layout":"full-width-container","site-content-style":"default","site-sidebar-style":"default","ast-global-header-display":"","ast-banner-title-visibility":"","ast-main-header-display":"","ast-hfb-above-header-display":"","ast-hfb-below-header-display":"","ast-hfb-mobile-header-display":"","site-post-title":"disabled","ast-breadcrumbs-content":"","ast-featured-img":"disabled","footer-sml-layout":"","ast-disable-related-posts":"","theme-transparent-header-meta":"","adv-header-id-meta":"","stick-header-meta":"","header-above-stick-meta":"","header-main-stick-meta":"","header-below-stick-meta":"","astra-migrate-meta-layouts":"default","ast-page-background-enabled":"default","ast-page-background-meta":{"desktop":{"background-color":"var(--ast-global-color-5)","background-image":"","background-repeat":"repeat","background-position":"center center","background-size":"auto","background-attachment":"scroll","background-type":"","background-media":"","overlay-type":"","overlay-color":"","overlay-opacity":"","overlay-gradient":""},"tablet":{"background-color":"","background-image":"","background-repeat":"repeat","background-position":"center center","background-size":"auto","background-attachment":"scroll","background-type":"","background-media":"","overlay-type":"","overlay-color":"","overlay-opacity":"","overlay-gradient":""},"mobile":{"background-color":"","background-image":"","background-repeat":"repeat","background-position":"center center","background-size":"auto","background-attachment":"scroll","background-type":"","background-media":"","overlay-type":"","overlay-color":"","overlay-opacity":"","overlay-gradient":""}},"ast-content-background-meta":{"desktop":{"background-color":"var(--ast-global-color-4)","background-image":"","background-repeat":"repeat","background-position":"center center","background-size":"auto","background-attachment":"scroll","background-type":"","background-media":"","overlay-type":"","overlay-color":"","overlay-opacity":"","overlay-gradient":""},"tablet":{"background-color":"var(--ast-global-color-4)","background-image":"","background-repeat":"repeat","background-position":"center center","background-size":"auto","background-attachment":"scroll","background-type":"","background-media":"","overlay-type":"","overlay-color":"","overlay-opacity":"","overlay-gradient":""},"mobile":{"background-color":"var(--ast-global-color-4)","background-image":"","background-repeat":"repeat","background-position":"center center","background-size":"auto","background-attachment":"scroll","background-type":"","background-media":"","overlay-type":"","overlay-color":"","overlay-opacity":"","overlay-gradient":""}},"footnotes":""},"class_list":["post-75","page","type-page","status-publish","hentry"],"_links":{"self":[{"href":"https:\/\/www.maxturturizm.com\/index.php\/wp-json\/wp\/v2\/pages\/75","targetHints":{"allow":["GET"]}}],"collection":[{"href":"https:\/\/www.maxturturizm.com\/index.php\/wp-json\/wp\/v2\/pages"}],"about":[{"href":"https:\/\/www.maxturturizm.com\/index.php\/wp-json\/wp\/v2\/types\/page"}],"author":[{"embeddable":true,"href":"https:\/\/www.maxturturizm.com\/index.php\/wp-json\/wp\/v2\/users\/1"}],"replies":[{"embeddable":true,"href":"https:\/\/www.maxturturizm.com\/index.php\/wp-json\/wp\/v2\/comments?post=75"}],"version-history":[{"count":39,"href":"https:\/\/www.maxturturizm.com\/index.php\/wp-json\/wp\/v2\/pages\/75\/revisions"}],"predecessor-version":[{"id":909,"href":"https:\/\/www.maxturturizm.com\/index.php\/wp-json\/wp\/v2\/pages\/75\/revisions\/909"}],"wp:attachment":[{"href":"https:\/\/www.maxturturizm.com\/index.php\/wp-json\/wp\/v2\/media?parent=75"}],"curies":[{"name":"wp","href":"https:\/\/api.w.org\/{rel}","templated":true}]}}